 (2 + -1)*-3. Let x be (b/3)/(3/36). Suppose -2*l + l - u = -9, -x*l + 3*u = -8. List the prime factors of l.
5
Let i(a) = -a + 9. Let z be i(11). List the prime factors of z - -1 - (-1 - 6).
2, 3
Suppose -3*h + 193 = -488. What are the prime factors of h?
227
Let n(w) = -3*w + 3. Let r be n(-4). Let p = 17 + r. List the prime factors of p.
2
Suppose 0 = 4*y + 4*h - 32, -3*y - 2*h = -5*h + 6. Suppose -4*f - 30 = -5*x, -2*x + y*f - 9 = -21. List the prime factors of x.
2, 3
Suppose 5*h - 25 = -5*r, 4*h + 11 = 4*r - 9. Suppose -45 = -2*p - 0*p + r*o, 5 = -o. List the prime factors of p.
2, 5
Suppose -3*q = -5*l + 2097, -l + 4*q = 3*l - 1676. What are the prime factors of l?
2, 3, 5, 7
Let z(d) = -d + 6 + 0 - 4 + 5. What are the prime factors of z(-10)?
17
Suppose n - 5*d - 39 = 43, -3*n + 258 = -3*d. What are the prime factors of n?
3, 29
Let a(n) = -5 + n + 3 + 1. Let u be a(-3). List the prime factors of 2/u + 21/2.
2, 5
What are the prime factors of 93 + 2 + (-3*2 - -2)?
7, 13
Let w(q) = -q**3 + 8*q**2 - q - 7. List the prime factors of w(7).
5, 7
Let r = -32 + 168. List the prime factors of r.
2, 17
Let k(n) = -n**2 + 6*n + 2. Suppose 6*b - 3*b = -s + 3, -2*b - 32 = -5*s. What are the prime factors of k(s)?
2
Let n be 1*-3*-3 - 0. List the prime factors of (n/(-6))/((-3)/4).
2
Let x(r) = -6*r**3 + 2*r**2 + 7*r - 1. Let z(p) = 7*p**3 - 2*p**2 - 7*p + 2. Let b(g) = 6*x(g) + 5*z(g). What are the prime factors of b(-3)?
2, 7
List the prime factors of 5*(-7)/(70/(-8)).
2
Suppose -2*l + 183 = 39. What are the prime factors of l?
2, 3
Suppose 2 = 3*b - 7. Let t(u) = 6*u + 1. What are the prime factors of t(b)?
19
Let t(z) = -z**3 + 5*z**2 - 2*z + 4. Let p be t(5). Let v(f) = -f**3 - 5*f**2 + 4*f + 1. List the prime factors of v(p).
13
Suppose 0 = 2*w + 3*w - 15, -3*f - 4*w + 162 = 0. Suppose -c = -5*u + f, 4*u = -0*u + 4*c + 40. What are the prime factors of u?
2, 5
Suppose 4*x - 3*s = -5*s + 896, 0 = -3*x - 4*s + 662. What are the prime factors of x?
2, 113
Let y(b) = b**3 + 5*b**2 + b + 5. Let l be y(-5). Suppose -x + 5*x - 28 = l. What are the prime factors of x?
7
Suppose -s + 2*r = 4*r + 14, -4*s + 3*r = 23. Let f(b) = -2*b + 4. What are the prime factors of f(s)?
2, 5
Let s be (2/(-2))/((-2)/26). Let z = s + -8. List the prime factors of z + -4 + 1*4.
5
Let o be ((-20)/35)/((-2)/7). What are the prime factors of -17*(-1 - o)/3?
17
Suppose 0 = 4*l - d - 904, 6*l + 4*d = 2*l + 924. List the prime factors of l.
227
Let t be -1 + (-1 - -2)*3. Suppose -w - 2*q = t*w - 112, -2*q = -w + 24. What are the prime factors of w?
2, 17
Let r = 23 + -2. Suppose 5*h - 3*j = r, 0 = -2*h + 4*h + 5*j - 27. List the prime factors of h.
2, 3
Let a be -2 + 2 - -48*1. Let f = -23 + a. List the prime factors of f.
5
Suppose -2*n = -5*f - 0*f - 2, f = 3*n - 16. Let s = -7 + 24. Let h = s - n. What are the prime factors of h?
11
List the prime factors of ((-92)/(-10))/(74/10 - 7).
23
Let v(n) = -n - 1. Suppose -11 = c - 5*x, 0 = 4*x - 6 + 2. Let q be v(c). Suppose -q*k + 83 = -7. What are the prime factors of k?
2, 3
Suppose -2*d + 151 - 51 = -2*g, 4*g - 5*d = -200. Let h = g - -71. List the prime factors of h.
3, 7
Suppose 0 = 5*b - 4*i - 285, 2*b + 52 = i + 163. What are the prime factors of b?
53
Suppose 3*o = -2*o + 20. Suppose -2*w - 20 = -o*w. What are the prime factors of w?
2, 5
Let v(h) = 2*h**2 - h + 1. List the prime factors of v(-3).
2, 11
Suppose -4*m = -3*f + 31, -2*m + 61 = 3*f - 0*m. Let p = f - 8. Let w(z) = z**3 - 10*z**2 + 8*z + 13. List the prime factors of w(p).
2
Let s(h) = -h + 2. Let r be s(5). Let c = r + 9. What are the prime factors of c?
2, 3
Let y(o) = -3 + o**3 + 5*o**2 - 3*o + 1 - 5. Suppose -4*t - 26 = -6. List the prime factors of y(t).
2
Suppose -22 = 2*g - 0*a + 4*a, 2*a = 3*g - 7. List the prime factors of (-1 - g) + 6 + 2.
2
Let g be (-3 + 3)/1 - -125. Suppose g = -4*n - n. List the prime factors of (20/n)/((-2)/5).
2
Suppose 0 = d - 2*d. Suppose d = -3*n - 2*n. Let c = 5 + n. What are the prime factors of c?
5
Suppose q - 5*z + 131 = 2*q, 4*z - 655 = -5*q. List the prime factors of q.
131
Suppose -8 = -4*m + 8. What are the prime factors of m?
2
Let t = -58 - -136. What are the prime factors of t?
2, 3, 13
Let h(g) = g**2 + 4*g - 1. Let p be h(-6). Suppose 2*z - y = 20, 3*y + p + 9 = 2*z. What are the prime factors of z?
2, 5
Let k(n) = -n + 7. Let u be k(-7). Suppose 3*g + 2*j - 3 = u, -2*g - 5*j = -15. Suppose -2*s + 10 = -2*t, 1 = -3*t - g. What are the prime factors of s?
3
What are the prime factors of (-2)/(-6) + (-2888)/(-57)?
3, 17
Let x(h) = h**3 + 6*h**2 + 6*h + 6. Let v be x(-5). Let o = v - -3. Suppose -o*t - u + 8 = -4*u, -2 = 2*t - 3*u. List the prime factors of t.
5
Suppose u - 8 = -u. Suppose -u*x - 60 = -2*x. List the prime factors of x/4*(-12)/10.
3
Suppose 0 = 3*q + 10 - 241. What are the prime factors of q?
7, 11
Suppose 0*p = 3*p - 12. What are the prime factors of ((-13)/4)/((-1)/p)?
13
Let f be ((-6)/4)/(3/(-52)). Let o = f + -12. List the prime factors of o.
2, 7
Suppose -5*g - 4*f = -22, 3*f + 2 - 1 = 5*g. Suppose -t = -4*t, 24 = 4*m - 3*t. Suppose b + 3*x = 0, -b - m = 3*x + g*x. List the prime factors of b.
3
Let c = 6 - 4. Let z(b) = 5*b**3 + 2*b**2 - 3. What are the prime factors of z(c)?
3, 5
Let v = 358 + -230. What are the prime factors of v?
2
Let x = -3 - 1. Let w = x - -6. List the prime factors of (-39)/(-3) - (w + -1).
2, 3
Let n(l) be the third derivative of l**5/60 + l**4/3 - 5*l**3/2 - 5*l**2. What are the prime factors of n(-12)?
3, 11
Let w be 142/(-5) - (-8)/20. Let f = w + 48. List the prime factors of f.
2, 5
Suppose -12 = -5*r + 18. Let a = 18 - 12. Let z = a + r. What are the prime factors of z?
2, 3
Suppose 103 = -4*q + 663. What are the prime factors of q?
2, 5, 7
Let b = 109 + -49. List the prime factors of b.
2, 3, 5
Let j(f) = f**3 + 6*f**2 - 9*f - 2. Suppose 2*z - 1 = c, -z = -2*c + 2*z - 5. Let p be j(c). Let y = p + -3. List the prime factors of y.
3
Suppose -3*j = -7*j - h + 365, 2*j - 190 = -2*h. List the prime factors of j.
2, 3, 5
Let m(p) = -3*p**2 + 37*p - 2. What are the prime factors of m(6)?
2, 7
Let q = 141 - 25. List the prime factors of q.
2, 29
Let w(n) be the third derivative of 0*n**4 + 0 + 7/60*n**5 + 1/6*n**3 + 0*n + n**2. What are the prime factors of w(-1)?
2
Suppose -212 = -2*p + 102. List the prime factors of p.
157
Let u(b) = -13*b - 3. List the prime factors of u(-2).
23
Let z(c) = -c**2. Let p be (-3)/2*(-8)/(-12). Let a be z(p). What are the prime factors of (a/(-3))/((-8)/(-48))?
2
Suppose 25 = 5*g - s - 0, 4*g - s = 20. Suppose 4*a = -3*l - 2, -l - 4*a + 10 = -0*l. What are the prime factors of (g + l)/((-2)/6)?
3
Let n(q) = 3*q + 3*q + 4 - 5*q. Suppose 4*o - 17 = x, -5*o + 0*x = -x - 20. List the prime factors of n(o).
7
Let t = 17 + 51. Suppose -228 = -4*z - t. List the prime factors of z.
2, 5
Suppose c = -2*c + 4*g + 203, -55 = -c - 5*g. List the prime factors of c.
5, 13
Let j(u) = -u**3 - 3*u**2 - u - 3. Let k be j(-3). Suppose -4*d + 116 = d - 3*c, -4*d + 2*c + 92 = k. List the prime factors of d.
2, 11
Let k(w) = -4*w + 7. Let o be k(5). Suppose -2*x + 6*x - 76 = 0. Let m = x + o. List the prime factors of m.
2, 3
Let y be 3*2/4*2. Suppose 0 = 4*n - k + 2, k + y*k = 2*n + 8. Suppose -j + 6*j - 5*u - 50 = n, 2*j = -u + 29. List the prime factors of j.
13
Suppose -c - 4*c - 5 = 0. Let x(s) be the third derivative of -s**6/20 + s**4/12 + s**3/6 + 2*s**2. What are the prime factors of x(c)?
5
Let r(h) = -13*h**2 - 3*h - 1. Let l be r(-1). Let q = -9 - l. List the prime factors of q.
2
Let o(d) be the second derivative of -d**4/12 + 7*d**3/6 + 7*d**2/2 - 7*d. Suppose 2*w + 2*s - 14 = 0, -3*w - s = -0*w - 19. List the prime factors of o(w).
13
Suppose -5*r - 776 = -9*r. List the prime factors of r.
2, 97
Let p(q) = q**2 + 4*q - 1. Let l be p(-5). Suppose -6*x + 2*x = 2*c - 64, -x + l*c + 7 = 0. List the prime factors of x.
3, 5
Let k(s) = -s**2 + 11*s - 11. Let t be k(10). Let z(r) = -r**3 + r**2 + r + 1. What are the prime factors of z(t)?
2
What are the prime factors of ((-82575)/(-12))/15 - 2/(-8)?
3, 17
Let y(j) be the third derivative of -j**6/60 - j**5/30 - j**4/6 - j**3/2 + 5*j**2. List the prime factors of y(-2).
13
Suppose 6*a - 97 - 